[INFO] fetching crate main_loop 0.3.3...
[INFO] checking main_loop-0.3.3 against master#cfbc6d4cf1acbac5c025acf8ed68929caa551df3 for pr-75494-beta
[INFO] extracting crate main_loop 0.3.3 into /workspace/builds/worker-7/source
[INFO] validating manifest of crates.io crate main_loop 0.3.3 on toolchain cfbc6d4cf1acbac5c025acf8ed68929caa551df3
[INFO] running `Command { std: "/workspace/cargo-home/bin/cargo" "+cfbc6d4cf1acbac5c025acf8ed68929caa551df3" "read-manifest" "--manifest-path" "Cargo.toml", kill_on_drop: false }`
[INFO] started tweaking crates.io crate main_loop 0.3.3
[INFO] finished tweaking crates.io crate main_loop 0.3.3
[INFO] tweaked toml for crates.io crate main_loop 0.3.3 written to /workspace/builds/worker-7/source/Cargo.toml
[INFO] running `Command { std: "/workspace/cargo-home/bin/cargo" "+cfbc6d4cf1acbac5c025acf8ed68929caa551df3" "generate-lockfile" "--manifest-path" "Cargo.toml" "-Zno-index-update", kill_on_drop: false }`
[INFO] running `Command { std: "/workspace/cargo-home/bin/cargo" "+cfbc6d4cf1acbac5c025acf8ed68929caa551df3" "fetch" "--locked" "--manifest-path" "Cargo.toml", kill_on_drop: false }`
[INFO] [stderr]     Blocking waiting for file lock on package cache
[INFO] [stderr]     Blocking waiting for file lock on package cache
[INFO] running `Command { std: "docker" "create" "-v" "/var/lib/crater-agent-workspace/builds/worker-7/target:/opt/rustwide/target:rw,Z" "-v" "/var/lib/crater-agent-workspace/builds/worker-7/source:/opt/rustwide/workdir:ro,Z" "-v" "/var/lib/crater-agent-workspace/cargo-home:/opt/rustwide/cargo-home:ro,Z" "-v" "/var/lib/crater-agent-workspace/rustup-home:/opt/rustwide/rustup-home:ro,Z" "-e" "SOURCE_DIR=/opt/rustwide/workdir" "-e" "CARGO_TARGET_DIR=/opt/rustwide/target" "-e" "CARGO_HOME=/opt/rustwide/cargo-home" "-e" "RUSTUP_HOME=/opt/rustwide/rustup-home" "-w" "/opt/rustwide/workdir" "-m" "1610612736" "--user" "0:0" "--network" "none" "rustops/crates-build-env@sha256:a636fd89d022f18117e1dc8fb37a0a009933cdbbe082814857f0e2024962d47c" "/opt/rustwide/cargo-home/bin/cargo" "+cfbc6d4cf1acbac5c025acf8ed68929caa551df3" "metadata" "--no-deps" "--format-version=1", kill_on_drop: false }`
[INFO] [stdout] b997879a9894daee2a9a07e7b6debae168671620451f49c8df5ec398ebd952a6
[INFO] [stderr] WARNING: Your kernel does not support swap limit capabilities or the cgroup is not mounted. Memory limited without swap.
[INFO] running `Command { std: "docker" "start" "-a" "b997879a9894daee2a9a07e7b6debae168671620451f49c8df5ec398ebd952a6", kill_on_drop: false }`
[INFO] running `Command { std: "docker" "inspect" "b997879a9894daee2a9a07e7b6debae168671620451f49c8df5ec398ebd952a6", kill_on_drop: false }`
[INFO] running `Command { std: "docker" "rm" "-f" "b997879a9894daee2a9a07e7b6debae168671620451f49c8df5ec398ebd952a6", kill_on_drop: false }`
[INFO] [stdout] b997879a9894daee2a9a07e7b6debae168671620451f49c8df5ec398ebd952a6
[INFO] running `Command { std: "docker" "create" "-v" "/var/lib/crater-agent-workspace/builds/worker-7/target:/opt/rustwide/target:rw,Z" "-v" "/var/lib/crater-agent-workspace/builds/worker-7/source:/opt/rustwide/workdir:ro,Z" "-v" "/var/lib/crater-agent-workspace/cargo-home:/opt/rustwide/cargo-home:ro,Z" "-v" "/var/lib/crater-agent-workspace/rustup-home:/opt/rustwide/rustup-home:ro,Z" "-e" "SOURCE_DIR=/opt/rustwide/workdir" "-e" "CARGO_TARGET_DIR=/opt/rustwide/target" "-e" "CARGO_INCREMENTAL=0" "-e" "RUST_BACKTRACE=full" "-e" "RUSTFLAGS=--cap-lints=forbid" "-e" "CARGO_HOME=/opt/rustwide/cargo-home" "-e" "RUSTUP_HOME=/opt/rustwide/rustup-home" "-w" "/opt/rustwide/workdir" "-m" "1610612736" "--user" "0:0" "--network" "none" "rustops/crates-build-env@sha256:a636fd89d022f18117e1dc8fb37a0a009933cdbbe082814857f0e2024962d47c" "/opt/rustwide/cargo-home/bin/cargo" "+cfbc6d4cf1acbac5c025acf8ed68929caa551df3" "check" "--frozen" "--all" "--all-targets" "--message-format=json", kill_on_drop: false }`
[INFO] [stdout] c237d161b9912d9ad3ae20f91a74173b32ed47c6c83be47071c22ef2ab3fef26
[INFO] [stderr] WARNING: Your kernel does not support swap limit capabilities or the cgroup is not mounted. Memory limited without swap.
[INFO] running `Command { std: "docker" "start" "-a" "c237d161b9912d9ad3ae20f91a74173b32ed47c6c83be47071c22ef2ab3fef26", kill_on_drop: false }`
[INFO] [stderr]    Compiling log v0.4.11
[INFO] [stderr]    Compiling xml-rs v0.8.3
[INFO] [stderr]    Compiling khronos_api v3.1.0
[INFO] [stderr]     Checking lazy_static v1.4.0
[INFO] [stderr]    Compiling bitflags v1.2.1
[INFO] [stderr]    Compiling nix v0.14.1
[INFO] [stderr]     Checking void v1.0.2
[INFO] [stderr]     Checking slab v0.4.2
[INFO] [stderr]     Checking lazycell v1.3.0
[INFO] [stderr]     Checking same-file v1.0.6
[INFO] [stderr]     Checking xdg v2.2.0
[INFO] [stderr]     Checking percent-encoding v2.1.0
[INFO] [stderr]     Checking instant v0.1.6
[INFO] [stderr]    Compiling libloading v0.5.2
[INFO] [stderr]     Checking lock_api v0.3.4
[INFO] [stderr]     Checking iovec v0.1.4
[INFO] [stderr]     Checking net2 v0.2.34
[INFO] [stderr]     Checking parking_lot_core v0.7.2
[INFO] [stderr]     Checking memmap v0.7.0
[INFO] [stderr]     Checking raw-window-handle v0.3.3
[INFO] [stderr]     Checking shared_library v0.1.9
[INFO] [stderr]     Checking stb_truetype v0.3.1
[INFO] [stderr]     Checking x11-dl v2.18.5
[INFO] [stderr]     Checking walkdir v2.3.1
[INFO] [stderr]     Checking wayland-sys v0.23.6
[INFO] [stderr]     Checking approx v0.3.2
[INFO] [stderr]     Checking ordered-float v1.1.0
[INFO] [stderr]     Checking line_drawing v0.7.0
[INFO] [stderr]     Checking osmesa-sys v0.1.2
[INFO] [stderr]     Checking parking_lot v0.10.2
[INFO] [stderr]     Checking mio v0.6.22
[INFO] [stderr]     Checking rusttype v0.8.3
[INFO] [stderr]    Compiling wayland-scanner v0.23.6
[INFO] [stderr]    Compiling gl_generator v0.14.0
[INFO] [stderr]    Compiling gl_generator v0.10.0
[INFO] [stderr]     Checking rusttype v0.7.9
[INFO] [stderr]     Checking andrew v0.2.1
[INFO] [stderr]     Checking mio-extras v2.0.6
[INFO] [stderr]    Compiling gl v0.11.0
[INFO] [stderr]    Compiling glutin_glx_sys v0.1.7
[INFO] [stderr]    Compiling glutin_egl_sys v0.1.5
[INFO] [stderr]    Compiling wayland-client v0.23.6
[INFO] [stderr]    Compiling wayland-protocols v0.23.6
[INFO] [stderr]     Checking calloop v0.4.4
[INFO] [stderr]     Checking wayland-commons v0.23.6
[INFO] [stderr]     Checking smithay-client-toolkit v0.6.6
[INFO] [stderr]     Checking winit v0.22.2
[INFO] [stderr]     Checking glutin v0.24.1
[INFO] [stderr]     Checking main_loop v0.3.3 (/opt/rustwide/workdir)
[INFO] [stdout] error[E0432]: unresolved imports `lib_glutin::Event`, `lib_glutin::EventsLoop`
[INFO] [stdout]  --> src/glutin/run.rs:1:18
[INFO] [stdout]   |
[INFO] [stdout] 1 | use lib_glutin::{Event, EventsLoop};
[INFO] [stdout]   |                  ^^^^^  ^^^^^^^^^^ no `EventsLoop` in the root
[INFO] [stdout]   |                  |
[INFO] [stdout]   |                  no `Event` in the root
[INFO] [stdout]   |
[INFO] [stdout] help: a similar name exists in the module
[INFO] [stdout]   |
[INFO] [stdout] 1 | use lib_glutin::{event, EventsLoop};
[INFO] [stdout]   |                  ^^^^^
[INFO] [stdout] help: a similar name exists in the module
[INFO] [stdout]   |
[INFO] [stdout] 1 | use lib_glutin::{Event, event_loop};
[INFO] [stdout]   |                         ^^^^^^^^^^
[INFO] [stdout] 
[INFO] [stdout] 
[INFO] [stdout] error[E0432]: unresolved imports `lib_winit::Event`, `lib_winit::EventsLoop`
[INFO] [stdout]  --> src/winit/run.rs:1:17
[INFO] [stdout]   |
[INFO] [stdout] 1 | use lib_winit::{Event, EventsLoop};
[INFO] [stdout]   |                 ^^^^^  ^^^^^^^^^^ no `EventsLoop` in the root
[INFO] [stdout]   |                 |
[INFO] [stdout]   |                 no `Event` in the root
[INFO] [stdout]   |
[INFO] [stdout] help: a similar name exists in the module
[INFO] [stdout]   |
[INFO] [stdout] 1 | use lib_winit::{event, EventsLoop};
[INFO] [stdout]   |                 ^^^^^
[INFO] [stdout] help: a similar name exists in the module
[INFO] [stdout]   |
[INFO] [stdout] 1 | use lib_winit::{Event, event_loop};
[INFO] [stdout]   |                        ^^^^^^^^^^
[INFO] [stdout] 
[INFO] [stdout] 
[INFO] [stdout] error[E0432]: unresolved imports `lib_glutin::Event`, `lib_glutin::EventsLoop`
[INFO] [stdout]  --> src/glutin/run.rs:1:18
[INFO] [stdout]   |
[INFO] [stdout] 1 | use lib_glutin::{Event, EventsLoop};
[INFO] [stdout]   |                  ^^^^^  ^^^^^^^^^^ no `EventsLoop` in the root
[INFO] [stdout]   |                  |
[INFO] [stdout]   |                  no `Event` in the root
[INFO] [stdout]   |
[INFO] [stdout] help: a similar name exists in the module
[INFO] [stdout]   |
[INFO] [stdout] 1 | use lib_glutin::{event, EventsLoop};
[INFO] [stdout]   |                  ^^^^^
[INFO] [stdout] help: a similar name exists in the module
[INFO] [stdout]   |
[INFO] [stdout] 1 | use lib_glutin::{Event, event_loop};
[INFO] [stdout]   |                         ^^^^^^^^^^
[INFO] [stdout] 
[INFO] [stdout] 
[INFO] [stdout] error[E0432]: unresolved imports `lib_winit::Event`, `lib_winit::EventsLoop`
[INFO] [stdout]  --> src/winit/run.rs:1:17
[INFO] [stdout]   |
[INFO] [stdout] 1 | use lib_winit::{Event, EventsLoop};
[INFO] [stdout]   |                 ^^^^^  ^^^^^^^^^^ no `EventsLoop` in the root
[INFO] [stdout]   |                 |
[INFO] [stdout]   |                 no `Event` in the root
[INFO] [stdout]   |
[INFO] [stdout] help: a similar name exists in the module
[INFO] [stdout]   |
[INFO] [stdout] 1 | use lib_winit::{event, EventsLoop};
[INFO] [stdout]   |                 ^^^^^
[INFO] [stdout] help: a similar name exists in the module
[INFO] [stdout]   |
[INFO] [stdout] 1 | use lib_winit::{Event, event_loop};
[INFO] [stdout]   |                        ^^^^^^^^^^
[INFO] [stdout] 
[INFO] [stdout] 
[INFO] [stdout] error: aborting due to 2 previous errors
[INFO] [stdout] 
[INFO] [stdout] 
[INFO] [stdout] For more information about this error, try `rustc --explain E0432`.
[INFO] [stdout] 
[INFO] [stderr] error: could not compile `main_loop`.
[INFO] [stderr] 
[INFO] [stderr] To learn more, run the command again with --verbose.
[INFO] [stderr] warning: build failed, waiting for other jobs to finish...
[INFO] [stdout] error: aborting due to 2 previous errors
[INFO] [stdout] 
[INFO] [stdout] 
[INFO] [stdout] For more information about this error, try `rustc --explain E0432`.
[INFO] [stdout] 
[INFO] [stderr] error: build failed
[INFO] running `Command { std: "docker" "inspect" "c237d161b9912d9ad3ae20f91a74173b32ed47c6c83be47071c22ef2ab3fef26", kill_on_drop: false }`
[INFO] running `Command { std: "docker" "rm" "-f" "c237d161b9912d9ad3ae20f91a74173b32ed47c6c83be47071c22ef2ab3fef26", kill_on_drop: false }`
[INFO] [stdout] c237d161b9912d9ad3ae20f91a74173b32ed47c6c83be47071c22ef2ab3fef26
